ue
Does 25 divide 23725?
True
Does 3 divide 199?
False
Is 181 a factor of 51223?
True
Is 38 a factor of 1444?
True
Does 5 divide 290?
True
Is 2280 a multiple of 30?
True
Is 1470 a multiple of 3?
True
Is 68 a factor of 30124?
True
Is 7 a factor of 713?
False
Is 9 a factor of 91195?
False
Is 6 a factor of 1120?
False
Is 1736 a multiple of 14?
True
Does 4 divide 5328?
True
Is 6 a factor of 1052?
False
Is 27 a factor of 1242?
True
Does 26 divide 4689?
False
Does 19 divide 2147?
True
Does 18 divide 2558?
False
Does 47 divide 50603?
False
Does 4 divide 13264?
True
Does 6 divide 438?
True
Does 38 divide 18826?
False
Is 16 a factor of 4778?
False
Is 10179 a multiple of 11?
False
Does 13 divide 15054?
True
Does 72 divide 28839?
False
Is 30 a factor of 998?
False
Is 84563 a multiple of 23?
False
Does 52 divide 3508?
False
Is 4 a factor of 312?
True
Does 10 divide 4900?
True
Does 17 divide 825?
False
Does 5 divide 23627?
False
Is 22 a factor of 2794?
True
Is 113 a multiple of 44?
False
Is 15192 a multiple of 24?
True
Is 159 a multiple of 53?
True
Does 147 divide 52038?
True
Is 3457 a multiple of 17?
False
Is 3908 a multiple of 22?
False
Is 64 a factor of 10255?
False
Is 2996 a multiple of 92?
False
Is 61 a factor of 2671?
False
Is 22 a factor of 1452?
True
Does 149 divide 64219?
True
Is 29 a factor of 2320?
True
Does 10 divide 210?
True
Does 4 divide 2208?
True
Does 21 divide 126?
True
Is 12 a factor of 3672?
True
Is 128 a factor of 9115?
False
Does 37 divide 20806?
False
Is 6777 a multiple of 9?
True
Does 3 divide 8196?
True
Does 10 divide 2740?
True
Does 16 divide 52013?
False
Is 32 a factor of 320?
True
Does 11 divide 33363?
True
Is 43470 a multiple of 15?
True
Does 7 divide 80?
False
Is 307 a factor of 34077?
True
Is 12052 a multiple of 5?
False
Is 15375 a multiple of 5?
True
Does 61 divide 7747?
True
Is 336 a multiple of 21?
True
Is 63947 a multiple of 41?
False
Is 90 a factor of 3591?
False
Does 13 divide 4810?
True
Is 13 a factor of 4823?
True
Is 17 a factor of 4148?
True
Is 11 a factor of 5929?
True
Is 136 a factor of 10738?
False
Does 11 divide 27254?
False
Is 735 a multiple of 21?
True
Is 12947 a multiple of 3?
False
Does 11 divide 4690?
False
Is 136 a factor of 44387?
False
Does 27 divide 1311?
False
Is 25 a factor of 225?
True
Is 209 a multiple of 11?
True
Is 18483 a multiple of 61?
True
Is 24 a factor of 121104?
True
Does 133 divide 29393?
True
Is 23 a factor of 138?
True
Does 31 divide 643?
False
Is 4 a factor of 5378?
False
Is 13 a factor of 148?
False
Is 3 a factor of 17685?
True
Is 2 a factor of 655?
False
Is 292 a multiple of 29?
False
Does 20 divide 39711?
False
Is 88275 a multiple of 275?
True
Is 36 a factor of 19224?
True
Is 82376 a multiple of 7?
True
Is 6 a factor of 726?
True
Is 16 a factor of 864?
True
Is 699 a multiple of 25?
False
Does 87 divide 35670?
True
Is 1672 a multiple of 14?
False
Is 594 a multiple of 18?
True
Does 83 divide 15030?
False
Is 41 a factor of 2132?
True
Is 49946 a multiple of 199?
False
Is 2 a factor of 229?
False
Does 71 divide 13414?
False
Is 33 a factor of 1711?
False
Is 27 a factor of 270?
True
Does 6 divide 2726?
False
Is 29682 a multiple of 16?
False
Is 18 a factor of 112554?
True
Does 106 divide 15052?
True
Does 57 divide 684?
True
Does 28 divide 46340?
True
Is 11495 a multiple of 26?
False
Is 94 a factor of 939?
False
Does 19 divide 3249?
True
Is 968 a multiple of 31?
False
Does 67 divide 20100?
True
Does 10 divide 240?
True
Is 5992 a multiple of 79?
False
Is 2250 a multiple of 90?
True
Does 26 divide 2314?
True
Does 11 divide 4355?
False
Is 88 a factor of 24543?
False
Is 28 a factor of 63105?
False
Does 87 divide 1230?
False
Is 26 a factor of 620?
False
Is 25948 a multiple of 26?
True
Does 4 divide 3928?
True
Does 126 divide 10710?
True
Is 1665 a multiple of 15?
True
Does 12 divide 300?
True
Is 52 a factor of 2184?
True
Does 23 divide 31303?
True
Does 156 divide 12278?
False
Is 22 a factor of 1056?
True
Does 117 divide 10647?
True
Does 113 divide 18645?
True
Does 18 divide 3456?
True
Does 52 divide 1688?
False
Is 2256 a multiple of 5?
False
Is 16 a factor of 288?
True
Is 113 a factor of 1940?
False
Is 3388 a multiple of 121?
True
Does 39 divide 585?
True
Is 3 a factor of 727?
False
Is 16588 a multiple of 58?
True
Does 44 divide 1704?
False
Is 12 a factor of 138450?
False
Is 362 a multiple of 13?
False
Is 143 a factor of 15730?
True
Does 19 divide 1591?
False
Does 10 divide 2196?
False
Does 74 divide 8605?
False
Is 71 a multiple of 5?
False
Does 15 divide 1705?
False
Is 100 a factor of 9114?
False
Does 6 divide 396?
True
Does 6 divide 2752?
False
Is 4 a factor of 1659?
False
Does 12 divide 10129?
False
Is 12 even?
True
Is 1791 a multiple of 83?
False
Is 2575 a multiple of 36?
False
Is 51338 a multiple of 14?
True
Is 500 a multiple of 100?
True
Is 43095 a multiple of 53?
False
Does 24 divide 987?
False
Does 15 divide 660?
True
Is 768 a multiple of 8?
True
Does 17 divide 328?
False
Does 174 divide 10088?
False
Is 145 even?
False
Is 3713 a multiple of 33?
False
Is 6 a factor of 448?
False
Does 16 divide 1616?
True
Is 9302 a multiple of 44?
False
Does 82 divide 2572?
False
Is 14806 a multiple of 14?
False
Does 158 divide 10938?
False
Is 152 a multiple of 4?
True
Is 9918 a multiple of 19?
True
Is 13 a factor of 15717?
True
Is 67 a factor of 3618?
True
Is 120 a factor of 4040?
False
Is 87 a multiple of 10?
False
Is 933 a multiple of 3?
True
Does 5 divide 7751?
False
Is 13 a factor of 708?
False
Does 70 divide 8820?
True
Is 212 a factor of 368?
False
Does 300 divide 1224?
False
Is 50 a factor of 517?
False
Is 8 a factor of 372?
False
Does 5 divide 625?
True
Is 23 a factor of 3965?
False
Is 50 a factor of 645?
False
Is 104 a factor of 416?
True
Is 10625 a multiple of 125?
True
Does 7 divide 21074?
False
Does 64 divide 192?
True
Is 3 a factor of 1420?
False
Does 4 divide 8155?
False
Is 30 a factor of 33660?
True
Is 2 a factor of 142?
True
Is 3204 a multiple of 3?
True
Does 2 divide 154?
True
Is 18 a factor of 144?
True
Does 38 divide 3485?
False
Is 138 a factor of 6486?
True
Does 29 divide 377?
True
Is 17 a factor of 11555?
False
Is 36 a factor of 1105?
False
Is 29 a factor of 8787?
True
Is 7 a factor of 5474?
True
Is 27 a factor of 150?
False
Is 13 a factor of 7761?
True
Is 508 a multiple of 2?
True
Is 10794 a multiple of 21?
True
Does 63 divide 3465?
True
Is 7 a factor of 105?
True
Is 5776 a multiple of 8?
True
Is 11 a factor of 6278?
False
Does 42 divide 632?
False
Is 22290 a multiple of 30?
True
Is 38 a factor of 3423?
False
Is 20 a factor of 22800?
True
Does 35 divide 6605?
False
Does 112 divide 14448?
True
Is 44 a factor of 24206?
False
Does 16 divide 10011?
False
Is 12 a factor of 292?
False
Is 7182 a multiple of 19?
True
Is 2190 a multiple of 5?
True
Does 52 divide 15704?
True
Is 17347 a multiple of 108?
False
Is 29491 a multiple of 9?
False
Is 68 a factor of 5372?
True
Does 207 divide 25668?
True
Is 1554 a multiple of 21?
True
Does 10 divide 583?
False
Does 69 divide 27462?
True
Is 38846 a multiple of 99?
False
Is 119 a multiple of 45?
False
Is 17 a factor of 85?
True
Is 3052 a multiple of 7?
True
Is 7 a factor of 1331?
False
Is 557 a multiple of 59?
False
Is 7 a factor of 9632?
True
Does 13 divide 32466?
False
Is 1689 a multiple of 7?
False
Is 386 even?
True
Is 594 a multiple of 32?
False
Does 30 divide 68070?
True
Is 50 a multiple of 6?
False
Is 2189 a multiple of 31?
False
Is 23 a factor of 2362?
False
Does 15 divide 3450?
True
Is 2733 a multiple of 86?
False
Is 28 a factor of 5562?
False
Does 6 divide 20841?
False
Does 22 divide 11463?
False
Is 21356 a multiple of 7?
False
Does 65 divide 14742?
False
Does 44 divide 25828?
True
Does 5 divide 20?
True
Does 24 divide 3956?
False
Is 13 a factor of 10350?
False
Is 6048 a multiple of 48?
True
Is 68 a factor of 5767?
False
Does 201 divide 19497?
True
Is 7245 a multiple of 35?
True
Does 68 divide 1292?
True
Is 32040 a multiple of 20?
True
Is 7 a factor of 3073?
True
Does 151 divide 5313?
False
Does 3 divide 2055?
True
Does 10 divide 12170?
True
Does 59 divide 7139?
True
Is 28977 a multiple of 39?
True
Is 1430 a multiple of 110?
True
Does 28 divide 644?
True
Is 22 a factor of 338?
False
Is 18483 a multiple of 183?
True
Does 11 divide 890?
False
Does